22278.
394
What is the greatest common factor of 36 and 2850336?
36
What is the highest common divisor of 408 and 43356?
12
What is the greatest common factor of 93939 and 5709?
519
What is the highest common factor of 384 and 633984?
384
Calculate the greatest common divisor of 5419911 and 7.
7
Calculate the highest common divisor of 84765 and 15.
15
What is the greatest common divisor of 705 and 19305?
15
What is the highest common factor of 18434 and 39?
13
What is the highest common factor of 5608 and 278297?
701
What is the greatest common factor of 58 and 118088?
58
What is the highest common factor of 6157 and 12079?
47
What is the highest common divisor of 2481180 and 156?
156
Calculate the highest common divisor of 505 and 12165.
5
Calculate the greatest common divisor of 334053 and 9.
9
What is the greatest common divisor of 20 and 389?
1
What is the highest common divisor of 48 and 112348?
4
Calculate the highest common divisor of 13 and 1185587.
13
Calculate the greatest common divisor of 625 and 185.
5
What is the highest common factor of 128 and 197720?
8
Calculate the highest common divisor of 1498220 and 1495.
115
What is the greatest common factor of 14 and 1818?
2
Calculate the greatest common divisor of 35 and 47131.
7
Calculate the highest common factor of 5922 and 13818.
1974
Calculate the highest common factor of 35 and 738080.
35
What is the highest common divisor of 73377 and 18?
9
Calculate the greatest common factor of 2026019 and 597.
199
Calculate the highest common divisor of 554933 and 95.
19
Calculate the highest common divisor of 21097 and 3431.
73
What is the greatest common divisor of 230 and 34454?
46
What is the greatest common factor of 2376 and 3608?
88
Calculate the greatest common factor of 9562 and 70.
14
What is the highest common divisor of 571 and 1?
1
What is the highest common factor of 18365 and 5?
5
Calculate the greatest common factor of 681 and 1950384.
681
What is the highest common factor of 48391 and 341?
31
What is the greatest common divisor of 95460 and 296?
148
Calculate the greatest common divisor of 149265 and 18.
9
What is the highest common divisor of 339421 and 1441?
131
Calculate the greatest common divisor of 698326 and 323.
323
What is the highest common factor of 1963 and 1755?
13
Calculate the greatest common factor of 1131 and 38337.
39
What is the greatest common factor of 170 and 2965?
5
What is the highest common factor of 4530 and 5580?
30
What is the greatest common factor of 14 and 4033246?
14
Calculate the highest common factor of 101694 and 918.
102
What is the highest common divisor of 13218 and 12?
6
What is the highest common factor of 1162480 and 80?
80
Calculate the highest common divisor of 47 and 46.
1
Calculate the greatest common divisor of 1037 and 17.
17
What is the greatest common divisor of 40595 and 9545?
115
What is the greatest common factor of 104 and 169767?
13
Calculate the greatest common divisor of 285241 and 11.
11
Calculate the greatest common factor of 4128 and 41968.
688
What is the greatest common divisor of 278 and 82427?
139
Calculate the greatest common divisor of 250733 and 153.
17
What is the greatest common factor of 6697 and 9250?
37
What is the greatest common factor of 304 and 3493264?
304
What is the highest common factor of 938796 and 12?
12
Calculate the highest common factor of 252 and 66696.
84
What is the highest common divisor of 13376 and 44?
44
Calculate the greatest common factor of 271875 and 2465.
145
What is the highest common factor of 88 and 1048?
8
What is the highest common divisor of 516 and 1381332?
516
Calculate the greatest common divisor of 469 and 335.
67
Calculate the highest common divisor of 154934 and 13938.
202
What is the greatest common divisor of 684 and 5263?
19
What is the highest common factor of 169152 and 480?
96
Calculate the highest common divisor of 2354 and 10846.
22
What is the highest common divisor of 144 and 24714?
18
What is the greatest common factor of 280651 and 35?
7
What is the highest common factor of 230 and 19228?
46
Calculate the highest common divisor of 15 and 1702515.
15
What is the highest common divisor of 9175 and 6225?
25
Calculate the highest common divisor of 963 and 1070214.
321
Calculate the greatest common factor of 795 and 1431795.
795
Calculate the highest common factor of 192 and 460704.
96
What is the highest common divisor of 559 and 1634?
43
What is the greatest common divisor of 1943 and 97753?
67
What is the highest common factor of 172422 and 1116?
558
Calculate the greatest common divisor of 4207 and 498229.
601
Calculate the highest common factor of 11489997 and 474.
237
What is the highest common factor of 1141 and 27221?
163
Calculate the greatest common divisor of 66 and 180939.
33
Calculate the highest common divisor of 110688 and 768.
96
Calculate the greatest common factor of 36 and 66128.
4
What is the highest common divisor of 216 and 211236?
12
What is the greatest common divisor of 2107 and 36421?
301
Calculate the greatest common factor of 23138 and 575.
23
Calculate the highest common divisor of 11 and 1013947.
11
Calculate the greatest common factor of 39956 and 140.
28
What is the greatest common factor of 4940 and 1680835?
1235
Calculate the highest common divisor of 165634 and 448.
14
Calculate the greatest common divisor of 312 and 576264.
312
What is the greatest common divisor of 100457 and 196?
7
What is the greatest common divisor of 132 and 56832?
12
Calculate the highest common divisor of 4792 and 10.
2
What is the highest common divisor of 4870 and 30?
10
What is the greatest common divisor of 2599 and 69?
23
Calculate the greatest common factor of 11130 and 800.
10
Calculate the highest common factor of 4966 and 282298.
382
Calculate the highest common factor of 12006337 and 386.
193
What is the highest common factor of 4379 and 116?
29
Calculate the greatest common divisor of 35041 and 67.
67
What is the greatest common factor of 218 and 7957?
109
What is the greatest common divisor of 50203 and 183?
61
What is the greatest common divisor of 491022 and 2268?
1134
What is the greatest common divisor of 173229 and 525?
21
Calculate the highest common divisor of 2560 and 7870.
10
What is the highest common factor of 5556 and 5196?
12
What is the greatest common factor of 1 and 4127?
1
Calculate the highest common divisor of 3604 and 5848.
68
What is the highest common divisor of 25290 and 12364?
562
Calculate the greatest common factor of 770901 and 3.
3
Calculate the highest common factor of 1097664 and 192.
192
What is the greatest common factor of 18833 and 14761?
509
Calculate the highest common factor of 477987 and 849.
849
What is the greatest common divisor of 7 and 88879?
7
What is the highest common divisor of 1717721 and 929?
929
Calculate the greatest common factor of 301587 and 222.
111
What is the highest common factor of 42 and 248367?
21
What is the greatest common divisor of 56803 and 1333?
43
Calculate the greatest common factor of 102 and 20621.
17
Calculate the greatest common divisor of 282808 and 736.
184
What is the greatest common divisor of 470 and 481938?
94
What is the greatest common divisor of 69 and 927291?
69
What is the highest common divisor of 16123 and 3197?
23
Calculate the highest common factor of 6042 and 78705.
159
Calculate the greatest common divisor of 976 and 80459.
61
Calculate the greatest common divisor of 2247826 and 98.
98
What is the highest common factor of 304 and 43244?
76
Calculate the greatest common divisor of 53410 and 436.
218
What is the greatest common factor of 381 and 102?
3
What is the greatest common factor of 332 and 13363?
83
What is the greatest common factor of 23085 and 885?
15
What is the highest common factor of 10076 and 253?
11
What is the highest common factor of 139941 and 3195?
639
What is the greatest common divisor of 581394 and 2070?
138
What is the greatest common factor of 4092 and 88?
44
What is the highest common factor of 1 and 15149?
1
What is the highest common divisor of 1243 and 453469?
113
What is the greatest common divisor of 1025 and 19065?
205
Calculate the highest common divisor of 176 and 26917.
11
Calculate the greatest common divisor of 1